{"id":14,"date":"2025-04-25T17:47:28","date_gmt":"2025-04-25T15:47:28","guid":{"rendered":"http:\/\/wp1087291.server-he.de\/?page_id=14"},"modified":"2025-07-11T13:55:40","modified_gmt":"2025-07-11T11:55:40","slug":"teilnahmeinfo","status":"publish","type":"page","link":"https:\/\/d2heatec.de\/index.php\/teilnahmeinfo\/","title":{"rendered":"Mitmachen und profitieren!"},"content":{"rendered":"\n<p><strong>Intelligente Heizung, niedrigere Kosten:<\/strong> Wollen Sie Ihre Heizkosten senken und gleichzeitig die Umwelt schonen? Dann sind Sie bei uns richtig! In Ihrem Quartier in K\u00f6ln-Bilderst\u00f6ckchen erforschen wir, wie moderne Technik Ihre Wohnung intelligenter und g\u00fcnstiger heizen kann.<\/p>\n\n\n\n<figure class=\"wp-block-image size-large\"><img fetchpriority=\"high\" decoding=\"async\" width=\"1024\" height=\"683\" src=\"http:\/\/wp1087291.server-he.de\/wp-content\/uploads\/2025\/06\/participation_d\u00b2HeaTEC-1-1024x683.png\" alt=\"\" class=\"wp-image-171\" srcset=\"https:\/\/d2heatec.de\/wp-content\/uploads\/2025\/06\/participation_d\u00b2HeaTEC-1-1024x683.png 1024w, https:\/\/d2heatec.de\/wp-content\/uploads\/2025\/06\/participation_d\u00b2HeaTEC-1-300x200.png 300w, https:\/\/d2heatec.de\/wp-content\/uploads\/2025\/06\/participation_d\u00b2HeaTEC-1-768x512.png 768w, https:\/\/d2heatec.de\/wp-content\/uploads\/2025\/06\/participation_d\u00b2HeaTEC-1.png 1536w\" sizes=\"(max-width: 1024px) 100vw, 1024px\" \/><\/figure>\n\n\n\n<p>F\u00fcr dieses Projekt suchen wir interessierte Teilnehmende aus den Quartieren Vogesenstra\u00dfe und Escher Stra\u00dfe 270-298, Alzeyer Stra\u00dfe 1-29, 2-10 sowie Rockenhauser Stra\u00dfe 1-31 in K\u00f6ln-Bilderst\u00f6ckchen und m\u00f6chten Sie dazu herzlich einladen! Es entstehen Ihnen dadurch <strong>keine Kosten<\/strong>, da es sich um ein \u00f6ffentlich gef\u00f6rdertes Projekt handelt. Au\u00dferdem erhalten Sie eine<strong> kostenlose mobile App<\/strong> zur Visualisierung Ihrer Energiedaten und <strong>moderne Sensortechnik f\u00fcr Ihr Zuhause<\/strong>.<\/p>\n\n\n\n<p>Das Projekt macht effizienten W\u00e4rmeverbrauch einfach: Sie erstellen Ihren individuellen Heizplan, und intelligente Thermostate setzen ihn automatisch um. Wer m\u00f6chte, kann zus\u00e4tzlich Flexibilit\u00e4t anbieten und dabei sparen \u2013 zum Beispiel durch leichte Temperaturanpassungen zu bestimmten Zeiten.<\/p>\n\n\n\n<h2 class=\"wp-block-heading\">Ihre Vorteile als D\u00b2HeaTEC-Teilnehmende:<\/h2>\n\n\n\n<details class=\"wp-block-details is-layout-flow wp-block-details-is-layout-flow\"><summary><strong>\ud83c\udfe0Kostenlose  Ausstattung mit intelligenter Wohntechnik<\/strong><\/summary>\n<ul class=\"wp-block-list\">\n<li>Smarte Sensorik f\u00fcr optimales Raumklima<\/li>\n\n\n\n<li>Intelligente, \u00fcbersteuerbare Heizk\u00f6rperthermostate<\/li>\n\n\n\n<li>Mobile App zur Visualisierung Ihres W\u00e4rmeverbrauchsverhaltens<\/li>\n<\/ul>\n<\/details>\n\n\n\n<details class=\"wp-block-details is-layout-flow wp-block-details-is-layout-flow\"><summary><strong>\ud83d\udcb0 Regelm\u00e4\u00dfige Auswertungen und Einsparungen<\/strong><\/summary>\n<ul class=\"wp-block-list\">\n<li>Individuelle Energiesparhinweise und Handlungsempfehlungen<\/li>\n\n\n\n<li>M\u00f6glichkeit von bis zu 30% Heizkosteneinsparung<\/li>\n<\/ul>\n<\/details>\n\n\n\n<details class=\"wp-block-details is-layout-flow wp-block-details-is-layout-flow\"><summary>\ud83d\udcb6 <strong>75\u20ac Teilnahmeverg\u00fctung<\/strong><\/summary>\n<ul class=\"wp-block-list\">\n<li>F\u00fcr die regelm\u00e4\u00dfige Teilnahme an Umfragen und Nutzung der App erhalten sie von uns eine Auszahlung von 75\u20ac  <\/li>\n<\/ul>\n<\/details>\n\n\n\n<details class=\"wp-block-details is-layout-flow wp-block-details-is-layout-flow\"><summary><strong>\ud83c\udf31 Mitgestaltung der Energiezukunft<\/strong><\/summary>\n<ul class=\"wp-block-list\">\n<li>Partizipation bei der Planung weiterer Technologieinvestitionen<\/li>\n\n\n\n<li>Direktes Feedback \u00fcber die App an die Projektpartner<\/li>\n\n\n\n<li>Beitrag zur Entwicklung sozialvertr\u00e4glicher W\u00e4rmekonzepte<\/li>\n<\/ul>\n<\/details>\n\n\n\n<p><\/p>\n\n\n\n<h2 class=\"wp-block-heading\"><strong>\u26a0\ufe0f Begrenzte Teilnehmerzahl<\/strong><\/h2>\n\n\n\n<p><strong>Die Anzahl der Pl\u00e4tze ist beschr\u00e4nkt.<\/strong> Um Ihre Chance auf ein Teilnahmeangebot zu erh\u00f6hen bitten wir um eine zeitnahe Anmeldung. Durch die Teilnahme entstehen Ihnen keine Kosten.<\/p>\n\n\n\n<hr class=\"wp-block-separator has-alpha-channel-opacity\"\/>\n\n\n\n<div class=\"wp-block-buttons is-content-justification-center is-layout-flex wp-container-core-buttons-is-layout-a89b3969 wp-block-buttons-is-layout-flex\">\n<div class=\"wp-block-button\"><a class=\"wp-block-button__link wp-element-button\" href=\"https:\/\/survey.iism.kit.edu\/index.php\/627919?lang=de\" target=\"_blank\" rel=\"noreferrer noopener\">Jetzt Anmelden!<\/a><\/div>\n\n\n\n<div class=\"wp-block-button\"><a class=\"wp-block-button__link wp-element-button\" href=\"https:\/\/d2heatec.de\/index.php\/faq\/\">Ich habe noch Fragen&#8230;<\/a><\/div>\n<\/div>\n\n\n\n<div style=\"height:100px\" aria-hidden=\"true\" class=\"wp-block-spacer\"><\/div>\n\n\n\n<h2 class=\"wp-block-heading\"><strong>Intelligente W\u00e4rmeversorgung in der Nachbarschaft<\/strong><\/h2>\n\n\n\n<div class=\"wp-block-media-text is-stacked-on-mobile\" style=\"grid-template-columns:41% auto\"><figure class=\"wp-block-media-text__media\"><img decoding=\"async\" width=\"850\" height=\"865\" src=\"http:\/\/wp1087291.server-he.de\/wp-content\/uploads\/2025\/07\/BMWE_gefoerdert_de_RGB.jpg\" alt=\"\" class=\"wp-image-203 size-full\" srcset=\"https:\/\/d2heatec.de\/wp-content\/uploads\/2025\/07\/BMWE_gefoerdert_de_RGB.jpg 850w, https:\/\/d2heatec.de\/wp-content\/uploads\/2025\/07\/BMWE_gefoerdert_de_RGB-295x300.jpg 295w, https:\/\/d2heatec.de\/wp-content\/uploads\/2025\/07\/BMWE_gefoerdert_de_RGB-768x782.jpg 768w\" sizes=\"(max-width: 850px) 100vw, 850px\" \/><\/figure><div class=\"wp-block-media-text__content\">\n<p>D\u00b2HeaTEC (Decarbonizing District Heating with Techno-Economic Control) ist ein vom Bundesministerium f\u00fcr Wirtschaft und Energie(BMWE) gef\u00f6rdertes Forschungsprojekt der RheinEnergie AG, des Karlsruher Instituts f\u00fcr Technologie (KIT), und der ASEW, das zu einem W\u00e4rmesystem beitr\u00e4gt, das Dekarbonisierung und Effizienz in den Mittelpunkt stellt.<\/p>\n<\/div><\/div>\n","protected":false},"excerpt":{"rendered":"<p>Intelligente Heizung, niedrigere Kosten: Wollen Sie Ihre Heizkosten senken und gleichzeitig die Umwelt schonen? Dann sind Sie bei uns richtig! In Ihrem Quartier in K\u00f6ln-Bilderst\u00f6ckchen erforschen wir, wie moderne Technik Ihre Wohnung intelligenter und g\u00fcnstiger heizen kann. F\u00fcr dieses Projekt suchen wir interessierte Teilnehmende aus den Quartieren Vogesenstra\u00dfe und Escher Stra\u00dfe 270-298, Alzeyer Stra\u00dfe 1-29, [&hellip;]<\/p>\n","protected":false},"author":1,"featured_media":0,"parent":0,"menu_order":0,"comment_status":"closed","ping_status":"closed","template":"","meta":{"footnotes":""},"class_list":["post-14","page","type-page","status-publish","hentry"],"_links":{"self":[{"href":"https:\/\/d2heatec.de\/index.php\/wp-json\/wp\/v2\/pages\/14","targetHints":{"allow":["GET"]}}],"collection":[{"href":"https:\/\/d2heatec.de\/index.php\/wp-json\/wp\/v2\/pages"}],"about":[{"href":"https:\/\/d2heatec.de\/index.php\/wp-json\/wp\/v2\/types\/page"}],"author":[{"embeddable":true,"href":"https:\/\/d2heatec.de\/index.php\/wp-json\/wp\/v2\/users\/1"}],"replies":[{"embeddable":true,"href":"https:\/\/d2heatec.de\/index.php\/wp-json\/wp\/v2\/comments?post=14"}],"version-history":[{"count":29,"href":"https:\/\/d2heatec.de\/index.php\/wp-json\/wp\/v2\/pages\/14\/revisions"}],"predecessor-version":[{"id":210,"href":"https:\/\/d2heatec.de\/index.php\/wp-json\/wp\/v2\/pages\/14\/revisions\/210"}],"wp:attachment":[{"href":"https:\/\/d2heatec.de\/index.php\/wp-json\/wp\/v2\/media?parent=14"}],"curies":[{"name":"wp","href":"https:\/\/api.w.org\/{rel}","templated":true}]}}